{"id":159284,"date":"2025-09-27T05:00:49","date_gmt":"2025-09-27T03:00:49","guid":{"rendered":"https:\/\/www.mendialduamusic.com\/?post_type=portfolio&#038;p=159284"},"modified":"2025-11-05T19:30:45","modified_gmt":"2025-11-05T18:30:45","slug":"judith-jauregui-piano","status":"publish","type":"portfolio","link":"https:\/\/www.mendialduamusic.com\/en\/portfolio\/judith-jauregui-piano\/","title":{"rendered":"Judith J\u00e1uregui &#8211; piano"},"content":{"rendered":"<div class=\"wpb-content-wrapper\"><p>[vc_row row_height_percent=\u00bb0&#8243; back_color=\u00bbcolor-lxmt\u00bb overlay_alpha=\u00bb50&#8243; gutter_size=\u00bb3&#8243; column_width_percent=\u00bb100&#8243; shift_y=\u00bb0&#8243; z_index=\u00bb0&#8243; content_parallax=\u00bb0&#8243; uncode_shortcode_id=\u00bb195599&#8243; back_color_type=\u00bbuncode-palette\u00bb][vc_column column_width_percent=\u00bb100&#8243; gutter_size=\u00bb3&#8243; override_padding=\u00bbyes\u00bb column_padding=\u00bb2&#8243; overlay_alpha=\u00bb50&#8243; shift_x=\u00bb0&#8243; shift_y=\u00bb0&#8243; shift_y_down=\u00bb0&#8243; z_index=\u00bb0&#8243; medium_width=\u00bb0&#8243; mobile_width=\u00bb0&#8243; width=\u00bb1\/1&#8243; uncode_shortcode_id=\u00bb273324&#8243;][vc_row_inner][vc_column_inner column_width_percent=\u00bb100&#8243; gutter_size=\u00bb3&#8243; override_padding=\u00bbyes\u00bb column_padding=\u00bb2&#8243; overlay_alpha=\u00bb50&#8243; shift_x=\u00bb0&#8243; shift_y=\u00bb0&#8243; shift_y_down=\u00bb0&#8243; z_index=\u00bb0&#8243; medium_width=\u00bb0&#8243; mobile_width=\u00bb0&#8243; width=\u00bb1\/1&#8243; uncode_shortcode_id=\u00bb657290&#8243;][vc_column_text css_animation=\u00bbalpha-anim\u00bb animation_speed=\u00bb700&#8243; uncode_shortcode_id=\u00bb912406&#8243;]<\/p>\n<p data-start=\"59\" data-end=\"393\">\u201c&#8230; Judith J\u00e1uregui was an ideal soloist, playing with clarity and utmost elegance, fully immersing herself in the spirit of the work to convey its message with great precision. The RTVE Choir and Orchestra were also magnificent, and Christoph K\u00f6nig demonstrated his deep understanding of the work and his ability to express it&#8230;\u201d<\/p>\n<p data-start=\"395\" data-end=\"440\"><strong data-start=\"395\" data-end=\"419\">SCHERZO, Tom\u00e1s Marco<\/strong><br data-start=\"419\" data-end=\"422\" \/>October 13, 2023<\/p>\n<p>[\/vc_column_text][\/vc_column_inner][\/vc_row_inner][\/vc_column][\/vc_row][vc_row][vc_column width=\u00bb1\/1&#8243;][vc_row_inner][vc_column_inner column_width_percent=\u00bb100&#8243; gutter_size=\u00bb3&#8243; override_padding=\u00bbyes\u00bb column_padding=\u00bb2&#8243; overlay_alpha=\u00bb50&#8243; shift_x=\u00bb0&#8243; shift_y=\u00bb0&#8243; shift_y_down=\u00bb0&#8243; z_index=\u00bb0&#8243; medium_width=\u00bb0&#8243; mobile_width=\u00bb0&#8243; width=\u00bb1\/2&#8243; uncode_shortcode_id=\u00bb119348&#8243;][vc_column_text uncode_shortcode_id=\u00bb119434&#8243;]Personality, refinement and brightness define pianist Judith J\u00e1uregui. British magazine International Piano has recently portrayed her as \u2018creative intuition\u2019, \u2018an imaginative artist, a strikingly individual performer who has impressed European audiences with her maturity of expression\u2019. Likewise, in the words of the German magazine Piano News,\u00a0&#8216;it is not only the impeccability of her performance that counts, but rather the impression of\u00a0listening to a pianist who really\u00a0has something to say\u2019.<\/p>\n<p>Other recent reviews outline that in her interpretation \u2018everything is evocation, suggestion, of a joyful and dancelike voluptuosity\u2019, describe her sound as \u2018simply beautiful: it is a festival of polyphony and fluidity, sobriety and elegance and a rare intelligence of contrast and nuance\u2019 (Audiophile Magazine) and remark that \u2018listening to Judith J\u00e1uregui is, above all, a discovery of a leading artist, who plays without borders and finds her truth in musical power, but also in an overwhelming interiority\u2019 (Mediapart).<\/p>\n<p>In recent years she has been enthusiastically received on leading stages, including the Auditorio Nacional in Madrid, the Palau de la M\u00fasica in Barcelona, the Southbank Centre in London, Auditorium du Louvre in Paris, Flagey in Bruxelles, Konzerthaus Berlin, Suntory Hall Tokyo, NCPA Beijing, Teatro Mayor in Bogot\u00e1, Schloss Elmau in Germany, Murten Classics in Switzerland and the Festival International de Piano de La Roque d\u2019Anth\u00e9ron in France,\u00a0 the Festival Internacional de M\u00fasica y Danza de Granada, amongst others.[\/vc_column_text][\/vc_column_inner][vc_column_inner column_width_percent=\u00bb100&#8243; gutter_size=\u00bb3&#8243; override_padding=\u00bbyes\u00bb column_padding=\u00bb2&#8243; overlay_alpha=\u00bb50&#8243; shift_x=\u00bb0&#8243; shift_y=\u00bb0&#8243; shift_y_down=\u00bb0&#8243; z_index=\u00bb0&#8243; medium_width=\u00bb0&#8243; mobile_width=\u00bb0&#8243; width=\u00bb1\/2&#8243; uncode_shortcode_id=\u00bb155701&#8243;][vc_column_text uncode_shortcode_id=\u00bb168786&#8243;]She has\u00a0collaborated with the Britten Sinfonia, the Orchestre National de Lille, the Orchestre National de Cannes, the Sinfonie Orchester Biel Solothurn, the Bayerische Kammerphilharmonie, the Neubrandenburger Philharmonie, the PFK Prague Philharmonia, Das Neue Orchester K\u00f6ln, the Aarhus Symphony Orchestra, the Rzeszow Philharmonic, the Slovak Sinfonietta, the OFUNAM in Mexico and the Sim\u00f3n Bol\u00edvar Orchestra of Venezuela, besides the principal Spanish orchestras such as the Spanish National Orchestra, Spanish National Radio and Television Symphony Orchestra, the Basque National Orchestra, the Castille and Leon Symphony or the Bilbao Symphony Orchestra.<\/p>\n<p>Born in San Sebastian in northern Spain, Judith J\u00e1uregui has a multicultural background\u00a0 derived from her Basque mother and her Mexican father, who grew up in France. After initial studies and a debut recital at the age of just 11, she moved to Munich to study with the distinguished Russian pianist Vadim Suchanov at the Richard-Strauss Konservatorium.<\/p>\n<p>Judith&#8217;s discography\u00a0reflects her broad repertoire: from the latest album &#8216;Homeland&#8217; with Grieg Piano Concerto and Falla&#8217;s Nights in the Gardens of Spain alongside the Castille and Le\u00f3n Symphony\u00a0that has received critical acclaim\u00a0to the previous one dedicated to Robert and Clara Schumann with which she was nominated to the Opus Klassik and to her other albums where she visited\u00a0composers such as Granados, Liszt, Chopin,\u00a0Mompou, Alb\u00e9niz, Szymanowski or Scriabin.[\/vc_column_text][vc_button button_color=\u00bbcolor-161817&#8243; radius=\u00bbbtn-round\u00bb wide=\u00bbyes\u00bb border_width=\u00bb0&#8243; button_color_type=\u00bbuncode-palette\u00bb uncode_shortcode_id=\u00bb123318&#8243; link=\u00bburl:https%3A%2F%2Fwww.mendialduamusic.com%2Fen%2Fartista%2Fjudith_jauregui_press_kit.zip|target:_blank\u00bb]Download kit press[\/vc_button][vc_button button_color=\u00bbcolor-161817&#8243; radius=\u00bbbtn-round\u00bb wide=\u00bbyes\u00bb border_width=\u00bb0&#8243; button_color_type=\u00bbuncode-palette\u00bb uncode_shortcode_id=\u00bb201996&#8243; link=\u00bburl:https%3A%2F%2Fwww.mendialduamusic.com%2Fen%2Fartista%2Fjudith_jauregui_kit_de_prensa.zip|target:_blank\u00bb]Descargar kit de prensa[\/vc_button][\/vc_column_inner][\/vc_row_inner][\/vc_column][\/vc_row][vc_row row_height_percent=\u00bb0&#8243; back_color=\u00bbcolor-gyho\u00bb overlay_alpha=\u00bb50&#8243; gutter_size=\u00bb3&#8243; column_width_percent=\u00bb100&#8243; shift_y=\u00bb0&#8243; z_index=\u00bb0&#8243; content_parallax=\u00bb0&#8243; uncode_shortcode_id=\u00bb118180&#8243; back_color_type=\u00bbuncode-palette\u00bb][vc_column column_width_percent=\u00bb100&#8243; gutter_size=\u00bb3&#8243; override_padding=\u00bbyes\u00bb column_padding=\u00bb2&#8243; overlay_alpha=\u00bb50&#8243; shift_x=\u00bb0&#8243; shift_y=\u00bb0&#8243; shift_y_down=\u00bb0&#8243; z_index=\u00bb0&#8243; medium_width=\u00bb0&#8243; mobile_width=\u00bb0&#8243; width=\u00bb1\/1&#8243; uncode_shortcode_id=\u00bb273324&#8243;][vc_row_inner][vc_column_inner column_width_percent=\u00bb100&#8243; align_horizontal=\u00bbalign_center\u00bb gutter_size=\u00bb3&#8243; overlay_alpha=\u00bb50&#8243; shift_x=\u00bb0&#8243; shift_y=\u00bb0&#8243; shift_y_down=\u00bb0&#8243; z_index=\u00bb0&#8243; medium_width=\u00bb0&#8243; mobile_width=\u00bb0&#8243; width=\u00bb1\/1&#8243; uncode_shortcode_id=\u00bb107072&#8243;][vc_gallery el_id=\u00bbgallery-799062&#8243; medias=\u00bb159381,159683&#8243; gutter_size=\u00bb0&#8243; screen_lg=\u00bb1000&#8243; screen_md=\u00bb600&#8243; screen_sm=\u00bb480&#8243; single_width=\u00bb3&#8243; images_size=\u00bbfive-four\u00bb single_shape=\u00bbround\u00bb single_overlay_color=\u00bbcolor-161817&#8243; single_overlay_opacity=\u00bb50&#8243; single_padding=\u00bb2&#8243; uncode_shortcode_id=\u00bb146499&#8243;][vc_column_text uncode_shortcode_id=\u00bb161746&#8243;]<a href=\"https:\/\/www.judithjauregui.com\/\" target=\"_blank\" rel=\"noopener\">www.judithjauregui.com<\/a> \u01c0 <a href=\"https:\/\/www.instagram.com\/judithjaureguipiano\/\" target=\"_blank\" rel=\"noopener\">Instagram<\/a> \u01c0 <a href=\"https:\/\/x.com\/JudithJauregui\" target=\"_blank\" rel=\"noopener\">Twitter<\/a>[\/vc_column_text][\/vc_column_inner][\/vc_row_inner][\/vc_column][\/vc_row]<\/p>\n<\/div>","protected":false},"excerpt":{"rendered":"<p>[vc_row row_height_percent=\u00bb0&#8243; back_color=\u00bbcolor-lxmt\u00bb overlay_alpha=\u00bb50&#8243; gutter_size=\u00bb3&#8243; column_width_percent=\u00bb100&#8243; shift_y=\u00bb0&#8243; z_index=\u00bb0&#8243; content_parallax=\u00bb0&#8243; uncode_shortcode_id=\u00bb195599&#8243; back_color_type=\u00bbuncode-palette\u00bb][vc_column column_width_percent=\u00bb100&#8243; gutter_size=\u00bb3&#8243; override_padding=\u00bbyes\u00bb column_padding=\u00bb2&#8243; overlay_alpha=\u00bb50&#8243; shift_x=\u00bb0&#8243; shift_y=\u00bb0&#8243; shift_y_down=\u00bb0&#8243; z_index=\u00bb0&#8243; [&hellip;]<\/p>\n","protected":false},"author":1,"featured_media":159381,"parent":0,"menu_order":0,"comment_status":"closed","ping_status":"closed","template":"","meta":{"footnotes":""},"portfolio_category":[74],"class_list":["post-159284","portfolio","type-portfolio","status-publish","has-post-thumbnail","hentry","portfolio_category-piano"],"_links":{"self":[{"href":"https:\/\/www.mendialduamusic.com\/en\/wp-json\/wp\/v2\/portfolio\/159284","targetHints":{"allow":["GET"]}}],"collection":[{"href":"https:\/\/www.mendialduamusic.com\/en\/wp-json\/wp\/v2\/portfolio"}],"about":[{"href":"https:\/\/www.mendialduamusic.com\/en\/wp-json\/wp\/v2\/types\/portfolio"}],"author":[{"embeddable":true,"href":"https:\/\/www.mendialduamusic.com\/en\/wp-json\/wp\/v2\/users\/1"}],"replies":[{"embeddable":true,"href":"https:\/\/www.mendialduamusic.com\/en\/wp-json\/wp\/v2\/comments?post=159284"}],"version-history":[{"count":13,"href":"https:\/\/www.mendialduamusic.com\/en\/wp-json\/wp\/v2\/portfolio\/159284\/revisions"}],"predecessor-version":[{"id":159813,"href":"https:\/\/www.mendialduamusic.com\/en\/wp-json\/wp\/v2\/portfolio\/159284\/revisions\/159813"}],"wp:featuredmedia":[{"embeddable":true,"href":"https:\/\/www.mendialduamusic.com\/en\/wp-json\/wp\/v2\/media\/159381"}],"wp:attachment":[{"href":"https:\/\/www.mendialduamusic.com\/en\/wp-json\/wp\/v2\/media?parent=159284"}],"wp:term":[{"taxonomy":"portfolio_category","embeddable":true,"href":"https:\/\/www.mendialduamusic.com\/en\/wp-json\/wp\/v2\/portfolio_category?post=159284"}],"curies":[{"name":"wp","href":"https:\/\/api.w.org\/{rel}","templated":true}]}}

Judith Jáuregui &#8211; piano

<div class="wpb-content-wrapper"><p>[vc_row row_height_percent=»0&#8243; back_color=»color-lxmt» overlay_alpha=»50&#8243; gutter_size=»3&#8243; column_width_percent=»100&#8243; shift_y=»0&#8243; z_index=»0&#8243; content_parallax=»0&#8243; uncode_shortcode_id=»195599&#8243; back_color_type=»uncode-palette»][vc_column column_width_percent=»100&#8243; gutter_size=»3&#8243; override_padding=»yes» column_padding=»2&#8243; overlay_alpha=»50&#8243; shift_x=»0&#8243; shift_y=»0&#8243; shift_y_down=»0&#8243; z_index=»0&#8243; medium_width=»0&#8243; mobile_width=»0&#8243; width=»1/1&#8243; uncode_shortcode_id=»273324&#8243;][vc_row_inner][vc_column_inner column_width_percent=»100&#8243; gutter_size=»3&#8243; override_padding=»yes» column_padding=»2&#8243; overlay_alpha=»50&#8243; shift_x=»0&#8243; shift_y=»0&#8243; shift_y_down=»0&#8243; z_index=»0&#8243; medium_width=»0&#8243; mobile_width=»0&#8243; width=»1/1&#8243; uncode_shortcode_id=»657290&#8243;][vc_column_text css_animation=»alpha-anim» animation_speed=»700&#8243; uncode_shortcode_id=»912406&#8243;]</p>
<p data-start="59" data-end="393">“&#8230; Judith Jáuregui was an ideal soloist, playing with clarity and utmost elegance, fully immersing herself in the spirit of the work to convey its message with great precision. The RTVE Choir and Orchestra were also magnificent, and Christoph König demonstrated his deep understanding of the work and his ability to express it&#8230;”</p>
<p data-start="395" data-end="440"><strong data-start="395" data-end="419">SCHERZO, Tomás Marco</strong><br data-start="419" data-end="422" />October 13, 2023</p>
<p>[/vc_column_text][/vc_column_inner][/vc_row_inner][/vc_column][/vc_row][vc_row][vc_column width=»1/1&#8243;][vc_row_inner][vc_column_inner column_width_percent=»100&#8243; gutter_size=»3&#8243; override_padding=»yes» column_padding=»2&#8243; overlay_alpha=»50&#8243; shift_x=»0&#8243; shift_y=»0&#8243; shift_y_down=»0&#8243; z_index=»0&#8243; medium_width=»0&#8243; mobile_width=»0&#8243; width=»1/2&#8243; uncode_shortcode_id=»119348&#8243;][vc_column_text uncode_shortcode_id=»119434&#8243;]Personality, refinement and brightness define pianist Judith Jáuregui. British magazine International Piano has recently portrayed her as ‘creative intuition’, ‘an imaginative artist, a strikingly individual performer who has impressed European audiences with her maturity of expression’. Likewise, in the words of the German magazine Piano News, &#8216;it is not only the impeccability of her performance that counts, but rather the impression of listening to a pianist who really has something to say’.</p>
<p>Other recent reviews outline that in her interpretation ‘everything is evocation, suggestion, of a joyful and dancelike voluptuosity’, describe her sound as ‘simply beautiful: it is a festival of polyphony and fluidity, sobriety and elegance and a rare intelligence of contrast and nuance’ (Audiophile Magazine) and remark that ‘listening to Judith Jáuregui is, above all, a discovery of a leading artist, who plays without borders and finds her truth in musical power, but also in an overwhelming interiority’ (Mediapart).</p>
<p>In recent years she has been enthusiastically received on leading stages, including the Auditorio Nacional in Madrid, the Palau de la Música in Barcelona, the Southbank Centre in London, Auditorium du Louvre in Paris, Flagey in Bruxelles, Konzerthaus Berlin, Suntory Hall Tokyo, NCPA Beijing, Teatro Mayor in Bogotá, Schloss Elmau in Germany, Murten Classics in Switzerland and the Festival International de Piano de La Roque d’Anthéron in France,  the Festival Internacional de Música y Danza de Granada, amongst others.[/vc_column_text][/vc_column_inner][vc_column_inner column_width_percent=»100&#8243; gutter_size=»3&#8243; override_padding=»yes» column_padding=»2&#8243; overlay_alpha=»50&#8243; shift_x=»0&#8243; shift_y=»0&#8243; shift_y_down=»0&#8243; z_index=»0&#8243; medium_width=»0&#8243; mobile_width=»0&#8243; width=»1/2&#8243; uncode_shortcode_id=»155701&#8243;][vc_column_text uncode_shortcode_id=»168786&#8243;]She has collaborated with the Britten Sinfonia, the Orchestre National de Lille, the Orchestre National de Cannes, the Sinfonie Orchester Biel Solothurn, the Bayerische Kammerphilharmonie, the Neubrandenburger Philharmonie, the PFK Prague Philharmonia, Das Neue Orchester Köln, the Aarhus Symphony Orchestra, the Rzeszow Philharmonic, the Slovak Sinfonietta, the OFUNAM in Mexico and the Simón Bolívar Orchestra of Venezuela, besides the principal Spanish orchestras such as the Spanish National Orchestra, Spanish National Radio and Television Symphony Orchestra, the Basque National Orchestra, the Castille and Leon Symphony or the Bilbao Symphony Orchestra.</p>
<p>Born in San Sebastian in northern Spain, Judith Jáuregui has a multicultural background  derived from her Basque mother and her Mexican father, who grew up in France. After initial studies and a debut recital at the age of just 11, she moved to Munich to study with the distinguished Russian pianist Vadim Suchanov at the Richard-Strauss Konservatorium.</p>
<p>Judith&#8217;s discography reflects her broad repertoire: from the latest album &#8216;Homeland&#8217; with Grieg Piano Concerto and Falla&#8217;s Nights in the Gardens of Spain alongside the Castille and León Symphony that has received critical acclaim to the previous one dedicated to Robert and Clara Schumann with which she was nominated to the Opus Klassik and to her other albums where she visited composers such as Granados, Liszt, Chopin, Mompou, Albéniz, Szymanowski or Scriabin.[/vc_column_text][vc_button button_color=»color-161817&#8243; radius=»btn-round» wide=»yes» border_width=»0&#8243; button_color_type=»uncode-palette» uncode_shortcode_id=»123318&#8243; link=»url:https%3A%2F%2Fwww.mendialduamusic.com%2Fen%2Fartista%2Fjudith_jauregui_press_kit.zip|target:_blank»]Download kit press[/vc_button][vc_button button_color=»color-161817&#8243; radius=»btn-round» wide=»yes» border_width=»0&#8243; button_color_type=»uncode-palette» uncode_shortcode_id=»201996&#8243; link=»url:https%3A%2F%2Fwww.mendialduamusic.com%2Fen%2Fartista%2Fjudith_jauregui_kit_de_prensa.zip|target:_blank»]Descargar kit de prensa[/vc_button][/vc_column_inner][/vc_row_inner][/vc_column][/vc_row][vc_row row_height_percent=»0&#8243; back_color=»color-gyho» overlay_alpha=»50&#8243; gutter_size=»3&#8243; column_width_percent=»100&#8243; shift_y=»0&#8243; z_index=»0&#8243; content_parallax=»0&#8243; uncode_shortcode_id=»118180&#8243; back_color_type=»uncode-palette»][vc_column column_width_percent=»100&#8243; gutter_size=»3&#8243; override_padding=»yes» column_padding=»2&#8243; overlay_alpha=»50&#8243; shift_x=»0&#8243; shift_y=»0&#8243; shift_y_down=»0&#8243; z_index=»0&#8243; medium_width=»0&#8243; mobile_width=»0&#8243; width=»1/1&#8243; uncode_shortcode_id=»273324&#8243;][vc_row_inner][vc_column_inner column_width_percent=»100&#8243; align_horizontal=»align_center» gutter_size=»3&#8243; overlay_alpha=»50&#8243; shift_x=»0&#8243; shift_y=»0&#8243; shift_y_down=»0&#8243; z_index=»0&#8243; medium_width=»0&#8243; mobile_width=»0&#8243; width=»1/1&#8243; uncode_shortcode_id=»107072&#8243;][vc_gallery el_id=»gallery-799062&#8243; medias=»159381,159683&#8243; gutter_size=»0&#8243; screen_lg=»1000&#8243; screen_md=»600&#8243; screen_sm=»480&#8243; single_width=»3&#8243; images_size=»five-four» single_shape=»round» single_overlay_color=»color-161817&#8243; single_overlay_opacity=»50&#8243; single_padding=»2&#8243; uncode_shortcode_id=»146499&#8243;][vc_column_text uncode_shortcode_id=»161746&#8243;]<a href="https://www.judithjauregui.com/" target="_blank" rel="noopener">www.judithjauregui.com</a> ǀ <a href="https://www.instagram.com/judithjaureguipiano/" target="_blank" rel="noopener">Instagram</a> ǀ <a href="https://x.com/JudithJauregui" target="_blank" rel="noopener">Twitter</a>[/vc_column_text][/vc_column_inner][/vc_row_inner][/vc_column][/vc_row]</p>
</div>
