{"id":159282,"date":"2025-09-26T09:00:10","date_gmt":"2025-09-26T07:00:10","guid":{"rendered":"https:\/\/www.mendialduamusic.com\/?post_type=portfolio&#038;p=159282"},"modified":"2025-11-05T19:34:35","modified_gmt":"2025-11-05T18:34:35","slug":"luis-fernando-perez-piano","status":"publish","type":"portfolio","link":"https:\/\/www.mendialduamusic.com\/en\/portfolio\/luis-fernando-perez-piano\/","title":{"rendered":"Luis Fernando P\u00e9rez &#8211; piano"},"content":{"rendered":"<div class=\"wpb-content-wrapper\"><p>[vc_row row_height_percent=\u00bb0&#8243; back_color=\u00bbcolor-lxmt\u00bb overlay_alpha=\u00bb50&#8243; gutter_size=\u00bb3&#8243; column_width_percent=\u00bb100&#8243; shift_y=\u00bb0&#8243; z_index=\u00bb0&#8243; content_parallax=\u00bb0&#8243; uncode_shortcode_id=\u00bb195599&#8243; back_color_type=\u00bbuncode-palette\u00bb][vc_column column_width_percent=\u00bb100&#8243; gutter_size=\u00bb3&#8243; override_padding=\u00bbyes\u00bb column_padding=\u00bb2&#8243; overlay_alpha=\u00bb50&#8243; shift_x=\u00bb0&#8243; shift_y=\u00bb0&#8243; shift_y_down=\u00bb0&#8243; z_index=\u00bb0&#8243; medium_width=\u00bb0&#8243; mobile_width=\u00bb0&#8243; width=\u00bb1\/1&#8243; uncode_shortcode_id=\u00bb273324&#8243;][vc_row_inner][vc_column_inner column_width_percent=\u00bb100&#8243; gutter_size=\u00bb3&#8243; override_padding=\u00bbyes\u00bb column_padding=\u00bb2&#8243; overlay_alpha=\u00bb50&#8243; shift_x=\u00bb0&#8243; shift_y=\u00bb0&#8243; shift_y_down=\u00bb0&#8243; z_index=\u00bb0&#8243; medium_width=\u00bb0&#8243; mobile_width=\u00bb0&#8243; width=\u00bb1\/1&#8243; uncode_shortcode_id=\u00bb657290&#8243;][vc_column_text css_animation=\u00bbalpha-anim\u00bb animation_delay=\u00bb700&#8243; uncode_shortcode_id=\u00bb459728&#8243;]<\/p>\n<p data-start=\"130\" data-end=\"790\">One of the hallmarks of <strong data-start=\"154\" data-end=\"187\">Luis Fernando P\u00e9rez\u2019s pianism<\/strong> is his ability to adapt to different styles \u2014 a remarkable variety of accents, registers, and expressions \u2014 so that under his fingers, each composer and each piece possess their own being, their own personality, their own character. Thanks to a highly refined technique that unites clear fingering, subtle dynamic control \u2014 achieved through a remarkably precise use of the pedal and a touch of great elasticity \u2014 and elegant phrasing within a process of constant evolution, his performances achieve an irreproachable musical logic. The sound is always crystalline, with fascinating silvery overtones&#8230;<\/p>\n<p data-start=\"792\" data-end=\"842\"><strong data-start=\"792\" data-end=\"820\">SCHERZO, Arturo Reverter<\/strong><br data-start=\"820\" data-end=\"823\" \/>December 11, 2023<\/p>\n<p>[\/vc_column_text][\/vc_column_inner][\/vc_row_inner][\/vc_column][\/vc_row][vc_row][vc_column width=\u00bb1\/1&#8243;][vc_row_inner][vc_column_inner column_width_percent=\u00bb100&#8243; gutter_size=\u00bb3&#8243; override_padding=\u00bbyes\u00bb column_padding=\u00bb2&#8243; overlay_alpha=\u00bb50&#8243; shift_x=\u00bb0&#8243; shift_y=\u00bb0&#8243; shift_y_down=\u00bb0&#8243; z_index=\u00bb0&#8243; medium_width=\u00bb0&#8243; mobile_width=\u00bb0&#8243; width=\u00bb1\/2&#8243; uncode_shortcode_id=\u00bb119348&#8243;][vc_column_text uncode_shortcode_id=\u00bb854472&#8243;]Born in Madrid in 1977, Luis Fernando P\u00e9rez studied under Andr\u00e9s S\u00e1nchez-Tirado at the Conservatorio de Pozuelo de Alarc\u00f3n, where he received top grades. In 1993 he entered the Escuela Superior de M\u00fasica Reina Sof\u00eda, where he studied piano with Dimitri Bashkirov and Galina Egyazarova and chamber music with Marta Gulyas. He continued his training in Cologne (Germany) with Pierre-Laurent Aimardand later with Alicia de Larrocha, Carlota Garriga and Carmen Bravo de Mompou at the Marshall Academy in Barcelona, where he earned an MFA in Spanish Music.<\/p>\n<p>He has taken master classes with maestros such as Leon Fleisher, Andras Schiff, Bruno-Leonardo Gelber, Carmen Bravo de Mompou, Menahem Pressler and Fou Tsong, and has been awarded at contests such as Ibla (Franz Liszt Prize-Italy) and Enrique Granados of Barcelona (Alicia de Larrocha Award). He teaches master classes in Hungary, France and in a wide range of Spanish cities, and is Assistant Professor of Chamber Music at the Escuela Superior de M\u00fasica Reina Sof\u00eda. He is piano teacher in the &#8216;Academia Marshall&#8217; in Barcelona, founded by Enrique Granados, followed by Frank Marshall and Alicia de Larrocha (director until her death), temple of spanish music.<\/p>\n<p>His career has taken him to myriad stages around Europe, Asia and America. Whether recitals, chamber ensembles, or with an orchestra, his performances have been warmly acclaimed by critics and public alike.<\/p>\n<p>He has been invited to prestigious events such as the festivals in Schleswig \u2013 Holstein, La Roque d\u2019Antheron, Festival Richter in La Grange de Meslay, Jacobins in Toulouse, Santander, the Quincena Musical Donostiarra, Granada, Musika-Musica in Bilbao, etc.[\/vc_column_text][\/vc_column_inner][vc_column_inner column_width_percent=\u00bb100&#8243; gutter_size=\u00bb3&#8243; override_padding=\u00bbyes\u00bb column_padding=\u00bb2&#8243; overlay_alpha=\u00bb50&#8243; shift_x=\u00bb0&#8243; shift_y=\u00bb0&#8243; shift_y_down=\u00bb0&#8243; z_index=\u00bb0&#8243; medium_width=\u00bb0&#8243; mobile_width=\u00bb0&#8243; width=\u00bb1\/2&#8243; uncode_shortcode_id=\u00bb155701&#8243;][vc_column_text uncode_shortcode_id=\u00bb760377&#8243;]He has collaborated with orchestras such as the Sinf\u00f3nica de Barcelona y Orquestra Nacional de Catalu\u00f1a, the Real Filharmonia de Galicia, Sinf\u00f3nica de Bilbao, Sinf\u00f3nica del Principado de Asturias, Ensemble Orchestral de Paris, Orchestra Ensemble of Kanazawa, Franz Liszt Chamber Orchestra of Budapest, Chamber Orchestra Mannheim, Sinfonia Varsovia, Orquesta Sinf\u00f3nica de Radio Television Espa\u00f1ola, Orquesta Sinf\u00f3nica de Euskadi, Orquesta Sinf\u00f3nica de Castilla y Le\u00f3n, with conductors such as Jos\u00e9 Ram\u00f3n Encinar, Antoni Ros Marb\u00e1, G\u00fcnther Neuhold, Wilson Hernanto, Kazuki Yamada, Jean-Jacques Kantorow, Peter Fraas, Enrique Garc\u00eda Asensio, Carlo Rizzi, David Lockington, etc. Similarly, he has been chamber musician with cellist Adolfo Guti\u00e9rrez, Arriaga Quartet, Enesco Quartet, Modigliani Quartet, B. Bartok Quartet, and Artis Quartet of Vienna.<\/p>\n<p>His recordings, including Alb\u00e9niz\u2019s Suite Iberia and Navarra, which earned him the Alb\u00e9niz Medal, cover a broad range of very different styles and composers. The recording of the sonatas of Padre Antonio Soler, released on the Mirare label, has been distinguished as \u201cExceptional recording\u201d by Scherzo magazine and \u201cChoc de Disc\u201d by the French magazine Classica. His work, dedicated to Chopin, also released on the Mirare label, has received similar distinctions as exceptional recording in Scherzo and \u201cChoc du Disc\u201d in Classica. His most recent work, a recording of Enrique Granados\u2019s \u201cGoyescas\u201d (Mirare) has been distinguished with the Diapason d\u2019Or and \u201cDisque de mois\u201d in the prestigious magazine Diapason, and \u201cChoc du Disc\u201d in Classica and recently \u201cChoc de l\u2019ann\u00e9e 2012\u201d in the magazine Classica.<\/p>\n<p>His upcoming appearances will take him to Bilbao, Nantes, Paris, Madrid, Valencia, Zaragoza, San Sebastian, Brussels, Saint Petersburg, Budapest, Warsaw, Tokyo, Lyon, Toulouse, Kansas-City, New York, etc.[\/vc_column_text][vc_button button_color=\u00bbcolor-161817&#8243; radius=\u00bbbtn-round\u00bb wide=\u00bbyes\u00bb border_width=\u00bb0&#8243; button_color_type=\u00bbuncode-palette\u00bb uncode_shortcode_id=\u00bb184613&#8243; link=\u00bburl:https%3A%2F%2Fwww.mendialduamusic.com%2Fen%2Fartista%2Fluis_fernando_perez_en.pdf\u00bb]Download biography[\/vc_button][vc_button button_color=\u00bbcolor-161817&#8243; radius=\u00bbbtn-round\u00bb wide=\u00bbyes\u00bb border_width=\u00bb0&#8243; button_color_type=\u00bbuncode-palette\u00bb uncode_shortcode_id=\u00bb208189&#8243; link=\u00bburl:https%3A%2F%2Fwww.mendialduamusic.com%2Fen%2Fartista%2Fluis_fernando_perez_es.pdf\u00bb]Descargar biograf\u00eda[\/vc_button][\/vc_column_inner][\/vc_row_inner][\/vc_column][\/vc_row][vc_row row_height_percent=\u00bb0&#8243; back_color=\u00bbcolor-gyho\u00bb overlay_alpha=\u00bb50&#8243; gutter_size=\u00bb3&#8243; column_width_percent=\u00bb100&#8243; shift_y=\u00bb0&#8243; z_index=\u00bb0&#8243; content_parallax=\u00bb0&#8243; uncode_shortcode_id=\u00bb118180&#8243; back_color_type=\u00bbuncode-palette\u00bb][vc_column column_width_percent=\u00bb100&#8243; gutter_size=\u00bb3&#8243; override_padding=\u00bbyes\u00bb column_padding=\u00bb2&#8243; overlay_alpha=\u00bb50&#8243; shift_x=\u00bb0&#8243; shift_y=\u00bb0&#8243; shift_y_down=\u00bb0&#8243; z_index=\u00bb0&#8243; medium_width=\u00bb0&#8243; mobile_width=\u00bb0&#8243; width=\u00bb1\/1&#8243; uncode_shortcode_id=\u00bb273324&#8243;][vc_row_inner][vc_column_inner column_width_percent=\u00bb100&#8243; align_horizontal=\u00bbalign_center\u00bb gutter_size=\u00bb3&#8243; overlay_alpha=\u00bb50&#8243; shift_x=\u00bb0&#8243; shift_y=\u00bb0&#8243; shift_y_down=\u00bb0&#8243; z_index=\u00bb0&#8243; medium_width=\u00bb0&#8243; mobile_width=\u00bb0&#8243; width=\u00bb1\/1&#8243; uncode_shortcode_id=\u00bb107072&#8243;][vc_gallery el_id=\u00bbgallery-799062&#8243; medias=\u00bb159377,159280&#8243; gutter_size=\u00bb0&#8243; media_items=\u00bbmedia|lightbox|original,icon,caption\u00bb screen_lg=\u00bb1000&#8243; screen_md=\u00bb600&#8243; screen_sm=\u00bb480&#8243; single_width=\u00bb3&#8243; images_size=\u00bbfive-four\u00bb single_shape=\u00bbround\u00bb single_overlay_color=\u00bbcolor-161817&#8243; single_overlay_opacity=\u00bb50&#8243; single_v_position=\u00bbbottom\u00bb single_padding=\u00bb2&#8243; single_title_family=\u00bbfont-846016&#8243; single_title_dimension=\u00bbh3&#8243; single_title_weight=\u00bb400&#8243; lbox_skin=\u00bbwhite\u00bb uncode_shortcode_id=\u00bb871525&#8243;][vc_column_text uncode_shortcode_id=\u00bb677041&#8243;]<a href=\"https:\/\/luisfernandoperez.com\/\" target=\"_blank\" rel=\"noopener\">luisfernandoperez.com<\/a> \u01c0 <a href=\"https:\/\/www.instagram.com\/luisfernandoperezpiano\/\" target=\"_blank\" rel=\"noopener\">Instagram<\/a> \u01c0 <a href=\"https:\/\/www.facebook.com\/luisfernando.perez.12764\" target=\"_blank\" rel=\"noopener\">Facebook<\/a>[\/vc_column_text][\/vc_column_inner][\/vc_row_inner][\/vc_column][\/vc_row]<\/p>\n<\/div>","protected":false},"excerpt":{"rendered":"<p>[vc_row row_height_percent=\u00bb0&#8243; back_color=\u00bbcolor-lxmt\u00bb overlay_alpha=\u00bb50&#8243; gutter_size=\u00bb3&#8243; column_width_percent=\u00bb100&#8243; shift_y=\u00bb0&#8243; z_index=\u00bb0&#8243; content_parallax=\u00bb0&#8243; uncode_shortcode_id=\u00bb195599&#8243; back_color_type=\u00bbuncode-palette\u00bb][vc_column column_width_percent=\u00bb100&#8243; gutter_size=\u00bb3&#8243; override_padding=\u00bbyes\u00bb column_padding=\u00bb2&#8243; overlay_alpha=\u00bb50&#8243; shift_x=\u00bb0&#8243; shift_y=\u00bb0&#8243; shift_y_down=\u00bb0&#8243; z_index=\u00bb0&#8243; [&hellip;]<\/p>\n","protected":false},"author":1,"featured_media":159377,"parent":0,"menu_order":0,"comment_status":"closed","ping_status":"closed","template":"","meta":{"footnotes":""},"portfolio_category":[74],"class_list":["post-159282","portfolio","type-portfolio","status-publish","has-post-thumbnail","hentry","portfolio_category-piano"],"_links":{"self":[{"href":"https:\/\/www.mendialduamusic.com\/en\/wp-json\/wp\/v2\/portfolio\/159282","targetHints":{"allow":["GET"]}}],"collection":[{"href":"https:\/\/www.mendialduamusic.com\/en\/wp-json\/wp\/v2\/portfolio"}],"about":[{"href":"https:\/\/www.mendialduamusic.com\/en\/wp-json\/wp\/v2\/types\/portfolio"}],"author":[{"embeddable":true,"href":"https:\/\/www.mendialduamusic.com\/en\/wp-json\/wp\/v2\/users\/1"}],"replies":[{"embeddable":true,"href":"https:\/\/www.mendialduamusic.com\/en\/wp-json\/wp\/v2\/comments?post=159282"}],"version-history":[{"count":15,"href":"https:\/\/www.mendialduamusic.com\/en\/wp-json\/wp\/v2\/portfolio\/159282\/revisions"}],"predecessor-version":[{"id":159815,"href":"https:\/\/www.mendialduamusic.com\/en\/wp-json\/wp\/v2\/portfolio\/159282\/revisions\/159815"}],"wp:featuredmedia":[{"embeddable":true,"href":"https:\/\/www.mendialduamusic.com\/en\/wp-json\/wp\/v2\/media\/159377"}],"wp:attachment":[{"href":"https:\/\/www.mendialduamusic.com\/en\/wp-json\/wp\/v2\/media?parent=159282"}],"wp:term":[{"taxonomy":"portfolio_category","embeddable":true,"href":"https:\/\/www.mendialduamusic.com\/en\/wp-json\/wp\/v2\/portfolio_category?post=159282"}],"curies":[{"name":"wp","href":"https:\/\/api.w.org\/{rel}","templated":true}]}}

Luis Fernando Pérez &#8211; piano

<div class="wpb-content-wrapper"><p>[vc_row row_height_percent=»0&#8243; back_color=»color-lxmt» overlay_alpha=»50&#8243; gutter_size=»3&#8243; column_width_percent=»100&#8243; shift_y=»0&#8243; z_index=»0&#8243; content_parallax=»0&#8243; uncode_shortcode_id=»195599&#8243; back_color_type=»uncode-palette»][vc_column column_width_percent=»100&#8243; gutter_size=»3&#8243; override_padding=»yes» column_padding=»2&#8243; overlay_alpha=»50&#8243; shift_x=»0&#8243; shift_y=»0&#8243; shift_y_down=»0&#8243; z_index=»0&#8243; medium_width=»0&#8243; mobile_width=»0&#8243; width=»1/1&#8243; uncode_shortcode_id=»273324&#8243;][vc_row_inner][vc_column_inner column_width_percent=»100&#8243; gutter_size=»3&#8243; override_padding=»yes» column_padding=»2&#8243; overlay_alpha=»50&#8243; shift_x=»0&#8243; shift_y=»0&#8243; shift_y_down=»0&#8243; z_index=»0&#8243; medium_width=»0&#8243; mobile_width=»0&#8243; width=»1/1&#8243; uncode_shortcode_id=»657290&#8243;][vc_column_text css_animation=»alpha-anim» animation_delay=»700&#8243; uncode_shortcode_id=»459728&#8243;]</p>
<p data-start="130" data-end="790">One of the hallmarks of <strong data-start="154" data-end="187">Luis Fernando Pérez’s pianism</strong> is his ability to adapt to different styles — a remarkable variety of accents, registers, and expressions — so that under his fingers, each composer and each piece possess their own being, their own personality, their own character. Thanks to a highly refined technique that unites clear fingering, subtle dynamic control — achieved through a remarkably precise use of the pedal and a touch of great elasticity — and elegant phrasing within a process of constant evolution, his performances achieve an irreproachable musical logic. The sound is always crystalline, with fascinating silvery overtones&#8230;</p>
<p data-start="792" data-end="842"><strong data-start="792" data-end="820">SCHERZO, Arturo Reverter</strong><br data-start="820" data-end="823" />December 11, 2023</p>
<p>[/vc_column_text][/vc_column_inner][/vc_row_inner][/vc_column][/vc_row][vc_row][vc_column width=»1/1&#8243;][vc_row_inner][vc_column_inner column_width_percent=»100&#8243; gutter_size=»3&#8243; override_padding=»yes» column_padding=»2&#8243; overlay_alpha=»50&#8243; shift_x=»0&#8243; shift_y=»0&#8243; shift_y_down=»0&#8243; z_index=»0&#8243; medium_width=»0&#8243; mobile_width=»0&#8243; width=»1/2&#8243; uncode_shortcode_id=»119348&#8243;][vc_column_text uncode_shortcode_id=»854472&#8243;]Born in Madrid in 1977, Luis Fernando Pérez studied under Andrés Sánchez-Tirado at the Conservatorio de Pozuelo de Alarcón, where he received top grades. In 1993 he entered the Escuela Superior de Música Reina Sofía, where he studied piano with Dimitri Bashkirov and Galina Egyazarova and chamber music with Marta Gulyas. He continued his training in Cologne (Germany) with Pierre-Laurent Aimardand later with Alicia de Larrocha, Carlota Garriga and Carmen Bravo de Mompou at the Marshall Academy in Barcelona, where he earned an MFA in Spanish Music.</p>
<p>He has taken master classes with maestros such as Leon Fleisher, Andras Schiff, Bruno-Leonardo Gelber, Carmen Bravo de Mompou, Menahem Pressler and Fou Tsong, and has been awarded at contests such as Ibla (Franz Liszt Prize-Italy) and Enrique Granados of Barcelona (Alicia de Larrocha Award). He teaches master classes in Hungary, France and in a wide range of Spanish cities, and is Assistant Professor of Chamber Music at the Escuela Superior de Música Reina Sofía. He is piano teacher in the &#8216;Academia Marshall&#8217; in Barcelona, founded by Enrique Granados, followed by Frank Marshall and Alicia de Larrocha (director until her death), temple of spanish music.</p>
<p>His career has taken him to myriad stages around Europe, Asia and America. Whether recitals, chamber ensembles, or with an orchestra, his performances have been warmly acclaimed by critics and public alike.</p>
<p>He has been invited to prestigious events such as the festivals in Schleswig – Holstein, La Roque d’Antheron, Festival Richter in La Grange de Meslay, Jacobins in Toulouse, Santander, the Quincena Musical Donostiarra, Granada, Musika-Musica in Bilbao, etc.[/vc_column_text][/vc_column_inner][vc_column_inner column_width_percent=»100&#8243; gutter_size=»3&#8243; override_padding=»yes» column_padding=»2&#8243; overlay_alpha=»50&#8243; shift_x=»0&#8243; shift_y=»0&#8243; shift_y_down=»0&#8243; z_index=»0&#8243; medium_width=»0&#8243; mobile_width=»0&#8243; width=»1/2&#8243; uncode_shortcode_id=»155701&#8243;][vc_column_text uncode_shortcode_id=»760377&#8243;]He has collaborated with orchestras such as the Sinfónica de Barcelona y Orquestra Nacional de Cataluña, the Real Filharmonia de Galicia, Sinfónica de Bilbao, Sinfónica del Principado de Asturias, Ensemble Orchestral de Paris, Orchestra Ensemble of Kanazawa, Franz Liszt Chamber Orchestra of Budapest, Chamber Orchestra Mannheim, Sinfonia Varsovia, Orquesta Sinfónica de Radio Television Española, Orquesta Sinfónica de Euskadi, Orquesta Sinfónica de Castilla y León, with conductors such as José Ramón Encinar, Antoni Ros Marbá, Günther Neuhold, Wilson Hernanto, Kazuki Yamada, Jean-Jacques Kantorow, Peter Fraas, Enrique García Asensio, Carlo Rizzi, David Lockington, etc. Similarly, he has been chamber musician with cellist Adolfo Gutiérrez, Arriaga Quartet, Enesco Quartet, Modigliani Quartet, B. Bartok Quartet, and Artis Quartet of Vienna.</p>
<p>His recordings, including Albéniz’s Suite Iberia and Navarra, which earned him the Albéniz Medal, cover a broad range of very different styles and composers. The recording of the sonatas of Padre Antonio Soler, released on the Mirare label, has been distinguished as “Exceptional recording” by Scherzo magazine and “Choc de Disc” by the French magazine Classica. His work, dedicated to Chopin, also released on the Mirare label, has received similar distinctions as exceptional recording in Scherzo and “Choc du Disc” in Classica. His most recent work, a recording of Enrique Granados’s “Goyescas” (Mirare) has been distinguished with the Diapason d’Or and “Disque de mois” in the prestigious magazine Diapason, and “Choc du Disc” in Classica and recently “Choc de l’année 2012” in the magazine Classica.</p>
<p>His upcoming appearances will take him to Bilbao, Nantes, Paris, Madrid, Valencia, Zaragoza, San Sebastian, Brussels, Saint Petersburg, Budapest, Warsaw, Tokyo, Lyon, Toulouse, Kansas-City, New York, etc.[/vc_column_text][vc_button button_color=»color-161817&#8243; radius=»btn-round» wide=»yes» border_width=»0&#8243; button_color_type=»uncode-palette» uncode_shortcode_id=»184613&#8243; link=»url:https%3A%2F%2Fwww.mendialduamusic.com%2Fen%2Fartista%2Fluis_fernando_perez_en.pdf»]Download biography[/vc_button][vc_button button_color=»color-161817&#8243; radius=»btn-round» wide=»yes» border_width=»0&#8243; button_color_type=»uncode-palette» uncode_shortcode_id=»208189&#8243; link=»url:https%3A%2F%2Fwww.mendialduamusic.com%2Fen%2Fartista%2Fluis_fernando_perez_es.pdf»]Descargar biografía[/vc_button][/vc_column_inner][/vc_row_inner][/vc_column][/vc_row][vc_row row_height_percent=»0&#8243; back_color=»color-gyho» overlay_alpha=»50&#8243; gutter_size=»3&#8243; column_width_percent=»100&#8243; shift_y=»0&#8243; z_index=»0&#8243; content_parallax=»0&#8243; uncode_shortcode_id=»118180&#8243; back_color_type=»uncode-palette»][vc_column column_width_percent=»100&#8243; gutter_size=»3&#8243; override_padding=»yes» column_padding=»2&#8243; overlay_alpha=»50&#8243; shift_x=»0&#8243; shift_y=»0&#8243; shift_y_down=»0&#8243; z_index=»0&#8243; medium_width=»0&#8243; mobile_width=»0&#8243; width=»1/1&#8243; uncode_shortcode_id=»273324&#8243;][vc_row_inner][vc_column_inner column_width_percent=»100&#8243; align_horizontal=»align_center» gutter_size=»3&#8243; overlay_alpha=»50&#8243; shift_x=»0&#8243; shift_y=»0&#8243; shift_y_down=»0&#8243; z_index=»0&#8243; medium_width=»0&#8243; mobile_width=»0&#8243; width=»1/1&#8243; uncode_shortcode_id=»107072&#8243;][vc_gallery el_id=»gallery-799062&#8243; medias=»159377,159280&#8243; gutter_size=»0&#8243; media_items=»media|lightbox|original,icon,caption» screen_lg=»1000&#8243; screen_md=»600&#8243; screen_sm=»480&#8243; single_width=»3&#8243; images_size=»five-four» single_shape=»round» single_overlay_color=»color-161817&#8243; single_overlay_opacity=»50&#8243; single_v_position=»bottom» single_padding=»2&#8243; single_title_family=»font-846016&#8243; single_title_dimension=»h3&#8243; single_title_weight=»400&#8243; lbox_skin=»white» uncode_shortcode_id=»871525&#8243;][vc_column_text uncode_shortcode_id=»677041&#8243;]<a href="https://luisfernandoperez.com/" target="_blank" rel="noopener">luisfernandoperez.com</a> ǀ <a href="https://www.instagram.com/luisfernandoperezpiano/" target="_blank" rel="noopener">Instagram</a> ǀ <a href="https://www.facebook.com/luisfernando.perez.12764" target="_blank" rel="noopener">Facebook</a>[/vc_column_text][/vc_column_inner][/vc_row_inner][/vc_column][/vc_row]</p>
</div>
